{"id":1293,"date":"2024-04-01T15:59:12","date_gmt":"2024-04-01T19:59:12","guid":{"rendered":"http:\/\/tec-2046\/msweb\/?page_id=1293"},"modified":"2024-05-24T17:41:44","modified_gmt":"2024-05-24T21:41:44","slug":"programa-nacional-de-formacion-en-geologia-y-minas","status":"publish","type":"page","link":"http:\/\/www.misionsucre.gob.ve\/msweb\/index.php\/programa-nacional-de-formacion-en-geologia-y-minas\/","title":{"rendered":"Programa Nacional de Formaci\u00f3n en Geolog\u00eda y Minas"},"content":{"rendered":"\n<p>Este programa educativo, est\u00e1 enfocado en formar profesionales especializados en geolog\u00eda y miner\u00eda, con el objetivo de impulsar de manera sustentable el desarrollo de las diferentes regiones del pa\u00eds. El programa incluye una estructura curricular con ejes de Formaci\u00f3n espec\u00edficos, \u00e1reas de competencias, unidades curriculares y pr\u00e1cticas de Formaci\u00f3n.<\/p>\n\n\n\n<div data-wp-interactive=\"core\/file\" class=\"wp-block-file\"><object data-wp-bind--hidden=\"!state.hasPdfPreview\"  class=\"wp-block-file__embed\" data=\"\/msweb\/wp-content\/uploads\/2024\/04\/PFG-Geologia-y-Minas.pdf\" type=\"application\/pdf\" style=\"width:100%;height:600px\" aria-label=\"PDF incrustado\"><\/object><\/div>\n","protected":false},"excerpt":{"rendered":"<p>Este programa educativo, est\u00e1 enfocado en formar profesionales especializados en geolog\u00eda y miner\u00eda, con el objetivo de impulsar de manera sustentable el desarrollo de las diferentes regiones del pa\u00eds. El programa incluye una estructura curricular con ejes de Formaci\u00f3n espec\u00edficos, \u00e1reas de competencias, unidades curriculares y pr\u00e1cticas de Formaci\u00f3n.<\/p>\n","protected":false},"author":1,"featured_media":0,"parent":0,"menu_order":0,"comment_status":"closed","ping_status":"closed","template":"","meta":{"footnotes":""},"_links":{"self":[{"href":"http:\/\/www.misionsucre.gob.ve\/msweb\/index.php\/wp-json\/wp\/v2\/pages\/1293"}],"collection":[{"href":"http:\/\/www.misionsucre.gob.ve\/msweb\/index.php\/wp-json\/wp\/v2\/pages"}],"about":[{"href":"http:\/\/www.misionsucre.gob.ve\/msweb\/index.php\/wp-json\/wp\/v2\/types\/page"}],"author":[{"embeddable":true,"href":"http:\/\/www.misionsucre.gob.ve\/msweb\/index.php\/wp-json\/wp\/v2\/users\/1"}],"replies":[{"embeddable":true,"href":"http:\/\/www.misionsucre.gob.ve\/msweb\/index.php\/wp-json\/wp\/v2\/comments?post=1293"}],"version-history":[{"count":2,"href":"http:\/\/www.misionsucre.gob.ve\/msweb\/index.php\/wp-json\/wp\/v2\/pages\/1293\/revisions"}],"predecessor-version":[{"id":1724,"href":"http:\/\/www.misionsucre.gob.ve\/msweb\/index.php\/wp-json\/wp\/v2\/pages\/1293\/revisions\/1724"}],"wp:attachment":[{"href":"http:\/\/www.misionsucre.gob.ve\/msweb\/index.php\/wp-json\/wp\/v2\/media?parent=1293"}],"curies":[{"name":"wp","href":"https:\/\/api.w.org\/{rel}","templated":true}]}}