{"id":1771,"date":"2024-04-25T20:45:07","date_gmt":"2024-04-26T00:45:07","guid":{"rendered":"http:\/\/portal.fms.gob.ve\/msweb\/?page_id=1771"},"modified":"2024-05-24T17:42:03","modified_gmt":"2024-05-24T21:42:03","slug":"sistema-sucre","status":"publish","type":"page","link":"http:\/\/www.misionsucre.gob.ve\/msweb\/index.php\/sistema-sucre\/","title":{"rendered":"Video tutoriales Sistema Sucre"},"content":{"rendered":"\n<div class=\"wp-block-columns is-layout-flex wp-container-core-columns-is-layout-1 wp-block-columns-is-layout-flex\">\n<div class=\"wp-block-column is-layout-flow wp-block-column-is-layout-flow\">\n<p>Con el prop\u00f3sito de fortalecer la socializaci\u00f3n del conocimiento asociado a los procesos de registro y actualizaci\u00f3n acad\u00e9mica en el Sistema Unificado de Captaci\u00f3n y Registro Estudiantil (SUCRE), a nivel nacional; la Fundaci\u00f3n Misi\u00f3n Sucre, inicia el desarrollo de micro tutoriales, que orientan a los usuarios en el acceso y uso del SUCRE, de forma amigable, novedosa y sencilla.<\/p>\n\n\n\n<p>En esta primera etapa, se est\u00e1n liberando los tutoriales asociados a las actividades de alta demanda bajo responsabilidad de los Coordinadores de Aldea y Docentes Colaboradores, dichos v\u00eddeos, por ahora no poseen audio, no obstante, progresivamente se estar\u00e1n incorporando m\u00e1s v\u00eddeos, as\u00ed como, el audio correspondiente, lo cual ser\u00e1 anunciando por esta misma v\u00eda.<\/p>\n<\/div>\n<\/div>\n\n\n\n<div class=\"wp-block-columns is-layout-flex wp-container-core-columns-is-layout-2 wp-block-columns-is-layout-flex\">\n<div class=\"wp-block-column is-layout-flow wp-block-column-is-layout-flow\">\n<div class=\"container-fluid\">\n<div class=\"row mb-4 pt-3\" style=\"background-color: cornsilk;\">\n<div class=\"col-sm-6 align-self-center text-center\">\n<h4>Activar Cuenta de Acceso<\/h4>\n<\/div>\n<div class=\"col-sm-6 alto\">\n<p><iframe title=\"Activar Cuenta de Acceso\" width=\"640\" height=\"480\" src=\"https:\/\/www.youtube.com\/embed\/-HboMqsNd7I?feature=oembed\" frameborder=\"0\" allow=\"accelerometer; autoplay; clipboard-write; encrypted-media; gyroscope; picture-in-picture; web-share\" referrerpolicy=\"strict-origin-when-cross-origin\" allowfullscreen><\/iframe><\/p>\n<\/div>\n<\/div>\n<div class=\"row mb-4 pt-3\" style=\"background-color: cornsilk;\">\n<div class=\"col-sm-6 order-2 order-sm-1 alto\">\n<p><iframe title=\"Recordar Contrasen\u0303a\" width=\"640\" height=\"480\" src=\"https:\/\/www.youtube.com\/embed\/spFHAJGvxdg?feature=oembed\" frameborder=\"0\" allow=\"accelerometer; autoplay; clipboard-write; encrypted-media; gyroscope; picture-in-picture; web-share\" referrerpolicy=\"strict-origin-when-cross-origin\" allowfullscreen><\/iframe><\/p>\n<\/div>\n<div class=\"col-sm-6 order-1 order-sm-2 align-self-center text-center\">\n<h4>Recuperar contrasen\u0303a<\/h4>\n<\/div>\n<\/div>\n<div class=\"row mb-4 pt-3\" style=\"background-color: cornsilk;\">\n<div class=\"col-sm-6 align-self-center text-center\">\n<h4>Anular Secciones<\/h4>\n<\/div>\n<div class=\"col-sm-6 alto\">\n<p><iframe title=\"Anular Secci\u00f3n\" width=\"640\" height=\"480\" src=\"https:\/\/www.youtube.com\/embed\/QjKUk4V33io?feature=oembed\" frameborder=\"0\" allow=\"accelerometer; autoplay; clipboard-write; encrypted-media; gyroscope; picture-in-picture; web-share\" referrerpolicy=\"strict-origin-when-cross-origin\" allowfullscreen><\/iframe><\/p>\n<\/div>\n<\/div>\n<div class=\"row mb-4 pt-3\" style=\"background-color: cornsilk;\">\n<div class=\"col-sm-6 order-2 order-sm-1 alto\">\n<p><iframe title=\"Asignar Docente Colaborador\" width=\"640\" height=\"480\" src=\"https:\/\/www.youtube.com\/embed\/-vPCzcvu4Cs?feature=oembed\" frameborder=\"0\" allow=\"accelerometer; autoplay; clipboard-write; encrypted-media; gyroscope; picture-in-picture; web-share\" referrerpolicy=\"strict-origin-when-cross-origin\" allowfullscreen><\/iframe><\/p>\n<\/div>\n<div class=\"col-sm-6 order-1 order-sm-2 align-self-center text-center\">\n<h4>Asignar Docente Colaborador<\/h4>\n<\/div>\n<\/div>\n<div class=\"row mb-4 pt-3\" style=\"background-color: cornsilk;\">\n<div class=\"col-sm-6 align-self-center text-center\">\n<h4>Asignar Triunfadores<\/h4>\n<\/div>\n<div class=\"col-sm-6 alto\">\n<p><iframe title=\"Asignar Triunfadores\" width=\"640\" height=\"480\" src=\"https:\/\/www.youtube.com\/embed\/2zPM4Jtz1_4?feature=oembed\" frameborder=\"0\" allow=\"accelerometer; autoplay; clipboard-write; encrypted-media; gyroscope; picture-in-picture; web-share\" referrerpolicy=\"strict-origin-when-cross-origin\" allowfullscreen><\/iframe><\/p>\n<\/div>\n<\/div>\n<div class=\"row mb-4 pt-3\" style=\"background-color: cornsilk;\">\n<div class=\"col-sm-6 order-2 order-sm-1 alto\">\n<p><iframe title=\"Cargar notas\" width=\"640\" height=\"480\" src=\"https:\/\/www.youtube.com\/embed\/__OeUSNBYY4?feature=oembed\" frameborder=\"0\" allow=\"accelerometer; autoplay; clipboard-write; encrypted-media; gyroscope; picture-in-picture; web-share\" referrerpolicy=\"strict-origin-when-cross-origin\" allowfullscreen><\/iframe><\/p>\n<\/div>\n<div class=\"col-sm-6 order-1 order-sm-2 align-self-center text-center\">\n<h4>Cargar Notas<\/h4>\n<\/div>\n<\/div>\n<div class=\"row mb-4 pt-3\" style=\"background-color: cornsilk;\">\n<div class=\"col-sm-6 align-self-center text-center\">\n<h4>Crear Secciones<\/h4>\n<\/div>\n<div class=\"col-sm-6 alto\">\n<p><iframe title=\"Crear Secciones\" width=\"640\" height=\"480\" src=\"https:\/\/www.youtube.com\/embed\/_jf5Y37nK6E?feature=oembed\" frameborder=\"0\" allow=\"accelerometer; autoplay; clipboard-write; encrypted-media; gyroscope; picture-in-picture; web-share\" referrerpolicy=\"strict-origin-when-cross-origin\" allowfullscreen><\/iframe><\/p>\n<\/div>\n<\/div>\n<\/div>\n<\/div>\n<\/div>\n","protected":false},"excerpt":{"rendered":"<p>Con el prop\u00f3sito de fortalecer la socializaci\u00f3n del conocimiento asociado a los procesos de registro y actualizaci\u00f3n acad\u00e9mica en el Sistema Unificado de Captaci\u00f3n y Registro Estudiantil (SUCRE), a nivel nacional; la Fundaci\u00f3n Misi\u00f3n Sucre, inicia el desarrollo de micro tutoriales, que orientan a los usuarios en el acceso y&hellip;<\/p>\n","protected":false},"author":1,"featured_media":0,"parent":0,"menu_order":0,"comment_status":"closed","ping_status":"closed","template":"","meta":{"footnotes":""},"_links":{"self":[{"href":"http:\/\/www.misionsucre.gob.ve\/msweb\/index.php\/wp-json\/wp\/v2\/pages\/1771"}],"collection":[{"href":"http:\/\/www.misionsucre.gob.ve\/msweb\/index.php\/wp-json\/wp\/v2\/pages"}],"about":[{"href":"http:\/\/www.misionsucre.gob.ve\/msweb\/index.php\/wp-json\/wp\/v2\/types\/page"}],"author":[{"embeddable":true,"href":"http:\/\/www.misionsucre.gob.ve\/msweb\/index.php\/wp-json\/wp\/v2\/users\/1"}],"replies":[{"embeddable":true,"href":"http:\/\/www.misionsucre.gob.ve\/msweb\/index.php\/wp-json\/wp\/v2\/comments?post=1771"}],"version-history":[{"count":17,"href":"http:\/\/www.misionsucre.gob.ve\/msweb\/index.php\/wp-json\/wp\/v2\/pages\/1771\/revisions"}],"predecessor-version":[{"id":1796,"href":"http:\/\/www.misionsucre.gob.ve\/msweb\/index.php\/wp-json\/wp\/v2\/pages\/1771\/revisions\/1796"}],"wp:attachment":[{"href":"http:\/\/www.misionsucre.gob.ve\/msweb\/index.php\/wp-json\/wp\/v2\/media?parent=1771"}],"curies":[{"name":"wp","href":"https:\/\/api.w.org\/{rel}","templated":true}]}}