{"id":504,"date":"2024-02-26T20:06:19","date_gmt":"2024-02-27T00:06:19","guid":{"rendered":"http:\/\/tec-2046\/msweb\/?page_id=504"},"modified":"2024-08-15T10:52:59","modified_gmt":"2024-08-15T14:52:59","slug":"pasos-para-crear-usuario-en-sistema-sucre","status":"publish","type":"page","link":"http:\/\/www.misionsucre.gob.ve\/msweb\/index.php\/pasos-para-crear-usuario-en-sistema-sucre\/","title":{"rendered":"Pasos para crear una cuenta de Triunfadores"},"content":{"rendered":"\t\t<div data-elementor-type=\"wp-page\" data-elementor-id=\"504\" class=\"elementor elementor-504\">\r\n\t\t\t\t<div class=\"elementor-element elementor-element-a191f56 e-flex e-con-boxed e-con e-parent\" data-id=\"a191f56\" data-element_type=\"container\">\r\n\t\t\t\t\t<div class=\"e-con-inner\">\r\n\t\t\t\t<div class=\"elementor-element elementor-element-f352bf7 elementor-widget elementor-widget-text-editor\" data-id=\"f352bf7\" data-element_type=\"widget\" data-widget_type=\"text-editor.default\">\r\n\t\t\t\t<div class=\"elementor-widget-container\">\r\n\t\t\t<style>\/*! elementor - v3.21.0 - 30-04-2024 *\/\r\n.elementor-widget-text-editor.elementor-drop-cap-view-stacked .elementor-drop-cap{background-color:#69727d;color:#fff}.elementor-widget-text-editor.elementor-drop-cap-view-framed .elementor-drop-cap{color:#69727d;border:3px solid;background-color:transparent}.elementor-widget-text-editor:not(.elementor-drop-cap-view-default) .elementor-drop-cap{margin-top:8px}.elementor-widget-text-editor:not(.elementor-drop-cap-view-default) .elementor-drop-cap-letter{width:1em;height:1em}.elementor-widget-text-editor .elementor-drop-cap{float:left;text-align:center;line-height:1;font-size:50px}.elementor-widget-text-editor .elementor-drop-cap-letter{display:inline-block}<\/style>\t\t\t\t<div id=\"accordionExample\" class=\"accordion\"><div class=\"card mb-2\"><div id=\"headingOne\" class=\"card-header\" style=\"background-color: #e5e6e7;\"><h2 class=\"mb-0\"><span style=\"color: #7a7a7a;\"><button class=\"btn btn-link btn-block text-left pl-2\" style=\"background-color: #e5e6e7!important;\" type=\"button\" data-toggle=\"collapse\" data-target=\"#collapseOne\" aria-expanded=\"false\" aria-controls=\"collapseOne\"> 1) Crear mi cuenta <\/button><\/span><\/h2><\/div><div id=\"collapseOne\" class=\"collapse\" aria-labelledby=\"headingOne\" data-parent=\"#accordionExample\"><div class=\"card-body\"><p style=\"text-align: left;\"><span style=\"color: #7a7a7a;\">Para crear su cuenta en el Sistema de Informaci\u00f3n Acad\u00e9mica para los Triunfadores y Triunfadoras de la Misi\u00f3n Sucre debe entrar <a style=\"color: #7a7a7a;\" href=\"\/triunfadores\/\" target=\"_blank\" rel=\"noopener\">[aqu\u00ed]<\/a>, e ingresar en el enlace <strong>Nuevo Usuario<\/strong>, donde aparecer\u00e1 una ventana con un formulario que deber\u00e1 llenar con sus datos personales, como se muestra en las im\u00e1genes a continuaci\u00f3n.<\/span><\/p><p style=\"text-align: center;\"><span style=\"color: #7a7a7a;\">Sistema<\/span><\/p><p><span style=\"color: #7a7a7a;\"><a style=\"color: #7a7a7a;\" href=\"\/triunfadores\/\" target=\"_blank\" rel=\"noopener\"><img fetchpriority=\"high\" decoding=\"async\" class=\"size-full wp-image-510 aligncenter\" src=\"\/msweb\/wp-content\/uploads\/2024\/02\/1-crear-usuario-sucre.jpg\" alt=\"\" width=\"800\" height=\"758\" \/><br \/><\/a><\/span><\/p><p style=\"text-align: center;\"><span style=\"color: #7a7a7a;\">Formulario<\/span><\/p><p><span style=\"color: #7a7a7a;\"><img decoding=\"async\" class=\"size-full wp-image-536 aligncenter\" src=\"\/msweb\/wp-content\/uploads\/2024\/02\/2-crear-usuario-sucre-form-1.jpg\" alt=\"\" width=\"731\" height=\"510\" \/><\/span><\/p><\/div><\/div><\/div><div class=\"card mb-2\"><div id=\"headingTwo\" class=\"card-header\" style=\"background-color: #e5e6e7;\"><h2 class=\"mb-0\"><span style=\"color: #7a7a7a;\"><button class=\"btn btn-link btn-block text-left collapsed bg-white pl-2\" style=\"background-color: #e5e6e7!important;\" type=\"button\" data-toggle=\"collapse\" data-target=\"#collapseTwo\" aria-expanded=\"false\" aria-controls=\"collapseTwo\"> 2) Ingresar a mi cuenta <\/button><\/span><\/h2><\/div><div id=\"collapseTwo\" class=\"collapse\" aria-labelledby=\"headingTwo\" data-parent=\"#accordionExample\"><div class=\"card-body\"><p><span style=\"color: #7a7a7a;\">Si completaste el paso 1 quiere decir que ya posees una cuenta, ahora solo debes dirigirte al sistema <a style=\"color: #7a7a7a;\" href=\"\/triunfadores\/\" target=\"_blank\" rel=\"noopener\">[aqu\u00ed]<\/a>, e ingresar tus credenciales en el formulario de inicio de la imagen a continuaci\u00f3n, junto con el c\u00f3digo de verificaci\u00f3n que te aparece y pulsar el bot\u00f3n <strong>Ingresar<\/strong> para tener acceso.<\/span><\/p><p style=\"text-align: center;\"><span style=\"color: #7a7a7a;\">Sistema<\/span><\/p><p><span style=\"color: #7a7a7a;\"><img decoding=\"async\" class=\"aligncenter wp-image-554\" src=\"\/msweb\/wp-content\/uploads\/2024\/02\/2-Ingresar-sistema-sucre.jpg\" alt=\"\" width=\"800\" height=\"507\" \/><\/span><\/p><\/div><\/div><\/div><\/div>\t\t\t\t\t\t<\/div>\r\n\t\t\t\t<\/div>\r\n\t\t\t\t\t<\/div>\r\n\t\t\t\t<\/div>\r\n\t\t<div class=\"elementor-element elementor-element-9a49650 e-flex e-con-boxed e-con e-parent\" data-id=\"9a49650\" data-element_type=\"container\">\r\n\t\t\t\t\t<div class=\"e-con-inner\">\r\n\t\t\t\t<div class=\"elementor-element elementor-element-52ee64f elementor-widget elementor-widget-text-editor\" data-id=\"52ee64f\" data-element_type=\"widget\" data-widget_type=\"text-editor.default\">\r\n\t\t\t\t<div class=\"elementor-widget-container\">\r\n\t\t\t\t\t\t\t<div class=\"container-fluid\">\n<div class=\"row\">\n<div class=\"col-md-6\">Volver a <a href=\"\/msweb\/index.php\/nuevo-ingreso\/\">Pasos a seguir para ser un Triunfador<\/a><\/div>\n<div class=\"col-md-6 text-md-right\">Seguir a\u00a0<a href=\"\/msweb\/index.php\/preinscripcion\/\">Pre-inscripci\u00f3n<\/a><\/div>\n<\/div>\n<\/div>\t\t\t\t\t\t<\/div>\r\n\t\t\t\t<\/div>\r\n\t\t\t\t\t<\/div>\r\n\t\t\t\t<\/div>\r\n\t\t<div class=\"elementor-element elementor-element-f54df88 e-flex e-con-boxed e-con e-parent\" data-id=\"f54df88\" data-element_type=\"container\">\r\n\t\t\t\t\t<div class=\"e-con-inner\">\r\n\t\t\t\t<div class=\"elementor-element elementor-element-e4e39bb elementor-widget elementor-widget-html\" data-id=\"e4e39bb\" data-element_type=\"widget\" data-widget_type=\"html.default\">\r\n\t\t\t\t<div class=\"elementor-widget-container\">\r\n\t\t\t<div style=\"height: 16vh;\"><\/div>\t\t<\/div>\r\n\t\t\t\t<\/div>\r\n\t\t\t\t\t<\/div>\r\n\t\t\t\t<\/div>\r\n\t\t\t\t<\/div>\r\n\t\t","protected":false},"excerpt":{"rendered":"<p>1) Crear mi cuenta Para crear su cuenta en el Sistema de Informaci\u00f3n Acad\u00e9mica para los Triunfadores y Triunfadoras de la Misi\u00f3n Sucre debe entrar [aqu\u00ed], e ingresar en el enlace Nuevo Usuario, donde aparecer\u00e1 una ventana con un formulario que deber\u00e1 llenar con sus datos personales, como se muestra&hellip;<\/p>\n","protected":false},"author":1,"featured_media":0,"parent":0,"menu_order":0,"comment_status":"closed","ping_status":"closed","template":"","meta":{"footnotes":""},"_links":{"self":[{"href":"http:\/\/www.misionsucre.gob.ve\/msweb\/index.php\/wp-json\/wp\/v2\/pages\/504"}],"collection":[{"href":"http:\/\/www.misionsucre.gob.ve\/msweb\/index.php\/wp-json\/wp\/v2\/pages"}],"about":[{"href":"http:\/\/www.misionsucre.gob.ve\/msweb\/index.php\/wp-json\/wp\/v2\/types\/page"}],"author":[{"embeddable":true,"href":"http:\/\/www.misionsucre.gob.ve\/msweb\/index.php\/wp-json\/wp\/v2\/users\/1"}],"replies":[{"embeddable":true,"href":"http:\/\/www.misionsucre.gob.ve\/msweb\/index.php\/wp-json\/wp\/v2\/comments?post=504"}],"version-history":[{"count":200,"href":"http:\/\/www.misionsucre.gob.ve\/msweb\/index.php\/wp-json\/wp\/v2\/pages\/504\/revisions"}],"predecessor-version":[{"id":2216,"href":"http:\/\/www.misionsucre.gob.ve\/msweb\/index.php\/wp-json\/wp\/v2\/pages\/504\/revisions\/2216"}],"wp:attachment":[{"href":"http:\/\/www.misionsucre.gob.ve\/msweb\/index.php\/wp-json\/wp\/v2\/media?parent=504"}],"curies":[{"name":"wp","href":"https:\/\/api.w.org\/{rel}","templated":true}]}}